{"id":9628,"date":"2023-03-29T16:01:42","date_gmt":"2023-03-29T14:01:42","guid":{"rendered":"https:\/\/butikhome.pl\/index.php\/produkt\/biustonosz-madeline-g-246-1\/"},"modified":"2023-06-30T12:54:24","modified_gmt":"2023-06-30T10:54:24","slug":"biustonosz-madeline-g-246-1","status":"publish","type":"product","link":"https:\/\/butikhome.pl\/index.php\/produkt\/biustonosz-madeline-g-246-1\/","title":{"rendered":"Biustonosz Madeline G-246\/1"},"content":{"rendered":"<p>Osobliwa, pe\u0142na pokus i wyj\u0105tkowo pi\u0119knie prezentuj\u0105ca si\u0119 na kobiecym ciele bielizna Madeline, czyli szyk i styl w jednym. Biustonosz o doskona\u0142ej konstrukcji dobrze modeluje lini\u0119 dekoltu, zmys\u0142owo prezentuj\u0105c piersi. Wyrafinowane wzornictwo, kt\u00f3re delikatnie pnie si\u0119 po obu miseczkach, pozwala subtelnie wyr\u00f3\u017cni\u0107 t\u0119 propozycj\u0119 spo\u015br\u00f3d innych. W g\u00f3rnej cz\u0119\u015bci &#8211; niezapomniana koronka. Rami\u0105czka wygodnie odpinaj\u0105 si\u0119.<\/p>\n","protected":false},"excerpt":{"rendered":"<p>Osobliwa, pe\u0142na pokus i wyj\u0105tkowo pi\u0119knie prezentuj\u0105ca si\u0119 na kobiecym ciele bielizna Madeline, czyli szyk i styl w jednym. Biustonosz o doskona\u0142ej konstrukcji dobrze modeluje lini\u0119 dekoltu, zmys\u0142owo prezentuj\u0105c piersi. Wyrafinowane wzornictwo, kt\u00f3re delikatnie pnie si\u0119 po obu miseczkach, pozwala subtelnie wyr\u00f3\u017cni\u0107 t\u0119 propozycj\u0119 spo\u015br\u00f3d innych. W g\u00f3rnej cz\u0119\u015bci &#8211; niezapomniana koronka. Rami\u0105czka wygodnie odpinaj\u0105 &hellip; <\/p>\n","protected":false},"featured_media":15726,"comment_status":"open","ping_status":"closed","template":"","meta":[],"product_brand":[],"product_cat":[1552,629,24],"product_tag":[672,2226,2227,2230,2176,495,572,1297,2228,1078,1990,1733,2229,2231],"class_list":{"0":"post-9628","1":"product","2":"type-product","3":"status-publish","4":"has-post-thumbnail","6":"product_cat-70-h","7":"product_cat-biustonosze-podkategoria-do-bielizny","8":"product_cat-produkty","9":"product_tag-bialy","10":"product_tag-bialy-70-h","11":"product_tag-biustonosz-madeline-g-246-1","12":"product_tag-doskonale-modeluje-linie-dekoltu","13":"product_tag-gortex","14":"product_tag-koronkowe-wykonczenie","15":"product_tag-kwieciste-zdobienia","16":"product_tag-pakowane-w-pudelko","17":"product_tag-piekny","18":"product_tag-polski-produkt","19":"product_tag-ramiaczka-odpinane","20":"product_tag-stylowy","21":"product_tag-szykowny","22":"product_tag-zmyslowo-prezentuje-piersi","24":"first","25":"instock","26":"taxable","27":"shipping-taxable","28":"purchasable","29":"product-type-simple"},"_links":{"self":[{"href":"https:\/\/butikhome.pl\/index.php\/wp-json\/wp\/v2\/product\/9628","targetHints":{"allow":["GET"]}}],"collection":[{"href":"https:\/\/butikhome.pl\/index.php\/wp-json\/wp\/v2\/product"}],"about":[{"href":"https:\/\/butikhome.pl\/index.php\/wp-json\/wp\/v2\/types\/product"}],"replies":[{"embeddable":true,"href":"https:\/\/butikhome.pl\/index.php\/wp-json\/wp\/v2\/comments?post=9628"}],"wp:featuredmedia":[{"embeddable":true,"href":"https:\/\/butikhome.pl\/index.php\/wp-json\/wp\/v2\/media\/15726"}],"wp:attachment":[{"href":"https:\/\/butikhome.pl\/index.php\/wp-json\/wp\/v2\/media?parent=9628"}],"wp:term":[{"taxonomy":"product_brand","embeddable":true,"href":"https:\/\/butikhome.pl\/index.php\/wp-json\/wp\/v2\/product_brand?post=9628"},{"taxonomy":"product_cat","embeddable":true,"href":"https:\/\/butikhome.pl\/index.php\/wp-json\/wp\/v2\/product_cat?post=9628"},{"taxonomy":"product_tag","embeddable":true,"href":"https:\/\/butikhome.pl\/index.php\/wp-json\/wp\/v2\/product_tag?post=9628"}],"curies":[{"name":"wp","href":"https:\/\/api.w.org\/{rel}","templated":true}]}}