{"id":9636,"date":"2023-03-29T16:01:45","date_gmt":"2023-03-29T14:01:45","guid":{"rendered":"https:\/\/butikhome.pl\/index.php\/produkt\/biustonosz-pandora-b1\/"},"modified":"2023-06-29T12:57:52","modified_gmt":"2023-06-29T10:57:52","slug":"biustonosz-pandora-b1","status":"publish","type":"product","link":"https:\/\/butikhome.pl\/index.php\/produkt\/biustonosz-pandora-b1\/","title":{"rendered":"Biustonosz Pandora\/B1"},"content":{"rendered":"<p>    -Biustonosz push-up<br \/>\n    -Dekolt g\u0142\u0119boki<br \/>\n    -Fiszbiny dolne<br \/>\n    -G\u0142\u0119bokie, wygodne miseczki<br \/>\n    -Idealny na ma\u0142e i \u015brednie biusty<br \/>\n    -Kobieca stylistyka<br \/>\n    -Koronkowe zdobienia<br \/>\n    -Nieodpinane rami\u0105czka<br \/>\n    -Obw\u00f3d biustonosza regulowany<br \/>\n    -Pakowany w pude\u0142ko<br \/>\n    -Produkt polski<br \/>\n    -Przyjemna w dotyku, mi\u0119kka dzianina\/tkanina<br \/>\n    -Rami\u0105czka regulowane<br \/>\n    -Rami\u0105czka szersze, dopasowane do rozmiaru<br \/>\n    -Siateczkowe zdobienia<br \/>\n    -Wewn\u0119trzna cz\u0119\u015b\u0107 miseczek pokryta bawe\u0142n\u0105<br \/>\n    -Wysoka jako\u015b\u0107<br \/>\n    -Zdobienia bi\u017cuteryjne<br \/>\n    -Bawe\u0142na: 10%<br \/>\n    -Elastan: 5%<br \/>\n    -Poliamid: 65%<br \/>\n    -Poliester: 20%<\/p>\n","protected":false},"excerpt":{"rendered":"<p>-Biustonosz push-up -Dekolt g\u0142\u0119boki -Fiszbiny dolne -G\u0142\u0119bokie, wygodne miseczki -Idealny na ma\u0142e i \u015brednie biusty -Kobieca stylistyka -Koronkowe zdobienia -Nieodpinane rami\u0105czka -Obw\u00f3d biustonosza regulowany -Pakowany w pude\u0142ko -Produkt polski -Przyjemna w dotyku, mi\u0119kka dzianina\/tkanina -Rami\u0105czka regulowane -Rami\u0105czka szersze, dopasowane do rozmiaru -Siateczkowe zdobienia -Wewn\u0119trzna cz\u0119\u015b\u0107 miseczek pokryta bawe\u0142n\u0105 -Wysoka jako\u015b\u0107 -Zdobienia bi\u017cuteryjne -Bawe\u0142na: 10% -Elastan: &hellip; <\/p>\n","protected":false},"featured_media":15719,"comment_status":"open","ping_status":"closed","template":"","meta":[],"product_brand":[],"product_cat":[1547,629,24],"product_tag":[2211,680,1650,2210,681,1618,2176,2212,1836,1682,1479,206,1480,661,1078,1410,664,1728,665,1622,301,1293],"class_list":{"0":"post-9636","1":"product","2":"type-product","3":"status-publish","4":"has-post-thumbnail","6":"product_cat-70-c","7":"product_cat-biustonosze-podkategoria-do-bielizny","8":"product_cat-produkty","9":"product_tag-biustonosz-pandora-b1-czarno-bezowy","10":"product_tag-biustonosz-push-up","11":"product_tag-czarno-bezowy","12":"product_tag-czarno-bezowy-70-c","13":"product_tag-fiszbiny-dolne","14":"product_tag-glebokie-wygodne-miseczki","15":"product_tag-gortex","16":"product_tag-idealny-do-glebokiego-dekoltu","17":"product_tag-idealny-na-maly-biust","18":"product_tag-idealny-na-sredni-biust","19":"product_tag-kobieca-stylistyka","20":"product_tag-koronkowe-zdobienia","21":"product_tag-nieodpinane-ramiaczka","22":"product_tag-obwod-biustonosza-regulowany","23":"product_tag-polski-produkt","24":"product_tag-przyjemna-i-miekka-tkanina","25":"product_tag-ramiaczka-regulowane","26":"product_tag-ramiaczka-szersze-dopasowane-do-rozmiaru","27":"product_tag-siateczkowe-zdobienia","28":"product_tag-wewnetrzna-czesc-miseczek-pokryta-bawelna","29":"product_tag-wysoka-jakosc","30":"product_tag-zdobienia-bizuteryjne","32":"first","33":"instock","34":"taxable","35":"shipping-taxable","36":"purchasable","37":"product-type-simple"},"_links":{"self":[{"href":"https:\/\/butikhome.pl\/index.php\/wp-json\/wp\/v2\/product\/9636","targetHints":{"allow":["GET"]}}],"collection":[{"href":"https:\/\/butikhome.pl\/index.php\/wp-json\/wp\/v2\/product"}],"about":[{"href":"https:\/\/butikhome.pl\/index.php\/wp-json\/wp\/v2\/types\/product"}],"replies":[{"embeddable":true,"href":"https:\/\/butikhome.pl\/index.php\/wp-json\/wp\/v2\/comments?post=9636"}],"wp:featuredmedia":[{"embeddable":true,"href":"https:\/\/butikhome.pl\/index.php\/wp-json\/wp\/v2\/media\/15719"}],"wp:attachment":[{"href":"https:\/\/butikhome.pl\/index.php\/wp-json\/wp\/v2\/media?parent=9636"}],"wp:term":[{"taxonomy":"product_brand","embeddable":true,"href":"https:\/\/butikhome.pl\/index.php\/wp-json\/wp\/v2\/product_brand?post=9636"},{"taxonomy":"product_cat","embeddable":true,"href":"https:\/\/butikhome.pl\/index.php\/wp-json\/wp\/v2\/product_cat?post=9636"},{"taxonomy":"product_tag","embeddable":true,"href":"https:\/\/butikhome.pl\/index.php\/wp-json\/wp\/v2\/product_tag?post=9636"}],"curies":[{"name":"wp","href":"https:\/\/api.w.org\/{rel}","templated":true}]}}