{"id":9668,"date":"2023-03-29T16:01:56","date_gmt":"2023-03-29T14:01:56","guid":{"rendered":"https:\/\/butikhome.pl\/index.php\/produkt\/biustonosz-stella-g-058-bialy\/"},"modified":"2023-06-28T15:25:07","modified_gmt":"2023-06-28T13:25:07","slug":"biustonosz-stella-g-058-bialy","status":"publish","type":"product","link":"https:\/\/butikhome.pl\/index.php\/produkt\/biustonosz-stella-g-058-bialy\/","title":{"rendered":"Biustonosz Stella G-058 Bia\u0142y"},"content":{"rendered":"<p>Klasyczny biustonosz w konstrukcji usztywnianej. Wzbogacony od wewn\u0105trz cienk\u0105, delikatn\u0105 piank\u0105, kt\u00f3ra modeluje wygl\u0105d biustu, nie powi\u0119kszaj\u0105c go. W dolnej cz\u0119\u015bci umieszczono fiszbiny. Na rami\u0105czkach ma\u0142e, eleganckie kokardki. Kwiecisty dese\u0144 dodaje uroku. Sk\u0142ad: 65% poliamid, 20% poliester, 10% bawe\u0142na, 5% elastan.<\/p>\n","protected":false},"excerpt":{"rendered":"<p>Klasyczny biustonosz w konstrukcji usztywnianej. Wzbogacony od wewn\u0105trz cienk\u0105, delikatn\u0105 piank\u0105, kt\u00f3ra modeluje wygl\u0105d biustu, nie powi\u0119kszaj\u0105c go. W dolnej cz\u0119\u015bci umieszczono fiszbiny. Na rami\u0105czkach ma\u0142e, eleganckie kokardki. Kwiecisty dese\u0144 dodaje uroku. Sk\u0142ad: 65% poliamid, 20% poliester, 10% bawe\u0142na, 5% elastan.<\/p>\n","protected":false},"featured_media":15714,"comment_status":"open","ping_status":"closed","template":"","meta":[],"product_brand":[],"product_cat":[629,24],"product_tag":[1604,1605,1606,1610,1611,1751,1599,1482,1483,1484,1485,1486,1488,1490,1491,1492,1493,1497,1498,1499,1500,1630,1504,1505,1509,1637,672,1931,2195,2199,1835,681,2176,81,2198,2197,1988,2196],"class_list":{"0":"post-9668","1":"product","2":"type-product","3":"status-publish","4":"has-post-thumbnail","6":"product_cat-biustonosze-podkategoria-do-bielizny","7":"product_cat-produkty","8":"product_tag-70-d","9":"product_tag-70-e","10":"product_tag-70-f","11":"product_tag-70-g","12":"product_tag-70-h","13":"product_tag-75-b","14":"product_tag-75-c","15":"product_tag-75-d","16":"product_tag-75-e","17":"product_tag-75-f","18":"product_tag-75-g","19":"product_tag-75-h","20":"product_tag-80-b","21":"product_tag-80-d","22":"product_tag-80-e","23":"product_tag-80-f","24":"product_tag-80-g","25":"product_tag-85-d","26":"product_tag-85-e","27":"product_tag-85-f","28":"product_tag-85-g","29":"product_tag-85-h","30":"product_tag-90-e","31":"product_tag-90-f","32":"product_tag-95-e","33":"product_tag-95-f","34":"product_tag-bialy","35":"product_tag-bialy-70-c","36":"product_tag-biustonosz-klasyczny","37":"product_tag-biustonosz-stella-g-058-bialy","38":"product_tag-biustonosz-usztywniany","39":"product_tag-fiszbiny-dolne","40":"product_tag-gortex","41":"product_tag-kobiece","42":"product_tag-kwiecisty-desen","43":"product_tag-nie-powiekszajacy-biustu","44":"product_tag-unosi-i-modeluje-biust","45":"product_tag-wzbogacony-od-wewnatrz-cienka-delikatna-pianka","47":"first","48":"instock","49":"taxable","50":"shipping-taxable","51":"purchasable","52":"product-type-simple"},"_links":{"self":[{"href":"https:\/\/butikhome.pl\/index.php\/wp-json\/wp\/v2\/product\/9668","targetHints":{"allow":["GET"]}}],"collection":[{"href":"https:\/\/butikhome.pl\/index.php\/wp-json\/wp\/v2\/product"}],"about":[{"href":"https:\/\/butikhome.pl\/index.php\/wp-json\/wp\/v2\/types\/product"}],"replies":[{"embeddable":true,"href":"https:\/\/butikhome.pl\/index.php\/wp-json\/wp\/v2\/comments?post=9668"}],"wp:featuredmedia":[{"embeddable":true,"href":"https:\/\/butikhome.pl\/index.php\/wp-json\/wp\/v2\/media\/15714"}],"wp:attachment":[{"href":"https:\/\/butikhome.pl\/index.php\/wp-json\/wp\/v2\/media?parent=9668"}],"wp:term":[{"taxonomy":"product_brand","embeddable":true,"href":"https:\/\/butikhome.pl\/index.php\/wp-json\/wp\/v2\/product_brand?post=9668"},{"taxonomy":"product_cat","embeddable":true,"href":"https:\/\/butikhome.pl\/index.php\/wp-json\/wp\/v2\/product_cat?post=9668"},{"taxonomy":"product_tag","embeddable":true,"href":"https:\/\/butikhome.pl\/index.php\/wp-json\/wp\/v2\/product_tag?post=9668"}],"curies":[{"name":"wp","href":"https:\/\/api.w.org\/{rel}","templated":true}]}}