{"id":9721,"date":"2023-03-29T16:02:18","date_gmt":"2023-03-29T14:02:18","guid":{"rendered":"https:\/\/butikhome.pl\/index.php\/produkt\/biustonosz-venus-b5\/"},"modified":"2023-06-28T14:59:45","modified_gmt":"2023-06-28T12:59:45","slug":"biustonosz-venus-b5","status":"publish","type":"product","link":"https:\/\/butikhome.pl\/index.php\/produkt\/biustonosz-venus-b5\/","title":{"rendered":"Biustonosz Venus B5"},"content":{"rendered":"<p>Bazowy biustonosz w neutralnym kolorze, marki Gorteks. Usztywniany, miseczki formowane termicznie, dobrze zbieraj\u0105, unosz\u0105 i modeluj\u0105 piersi, tworz\u0105c atrakcyjny dekolt oraz wra\u017cenie Second Skin. Idealna propozycja pod delikatne bluzki i sukienki. Sk\u0142ad: 70% poliamid, 25% poliester, 5% elastan.<\/p>\n","protected":false},"excerpt":{"rendered":"<p>Bazowy biustonosz w neutralnym kolorze, marki Gorteks. Usztywniany, miseczki formowane termicznie, dobrze zbieraj\u0105, unosz\u0105 i modeluj\u0105 piersi, tworz\u0105c atrakcyjny dekolt oraz wra\u017cenie Second Skin. Idealna propozycja pod delikatne bluzki i sukienki. Sk\u0142ad: 70% poliamid, 25% poliester, 5% elastan.<\/p>\n","protected":false},"featured_media":15709,"comment_status":"open","ping_status":"closed","template":"","meta":[],"product_brand":[],"product_cat":[629,24],"product_tag":[1484,1627,1497,1633,1615,2186,1835,2187,2176,2193,2189,2192,2191,2188,2190],"class_list":{"0":"post-9721","1":"product","2":"type-product","3":"status-publish","4":"has-post-thumbnail","6":"product_cat-biustonosze-podkategoria-do-bielizny","7":"product_cat-produkty","8":"product_tag-75-f","9":"product_tag-80-i","10":"product_tag-85-d","11":"product_tag-90-g","12":"product_tag-bezowy","13":"product_tag-bezowy-70-j","14":"product_tag-biustonosz-usztywniany","15":"product_tag-biustonosz-venus-b5","16":"product_tag-gortex","17":"product_tag-idealne-pod-delikatna-bluzke-lub-sukienke","18":"product_tag-miseczki-formowane-termicznie","19":"product_tag-secound-skin","20":"product_tag-tworza-atrakcyjny-dekolt","21":"product_tag-w-neutralnym-kolorze","22":"product_tag-zbieraja-unosza-i-modeluja-biust","24":"first","25":"instock","26":"taxable","27":"shipping-taxable","28":"purchasable","29":"product-type-simple"},"_links":{"self":[{"href":"https:\/\/butikhome.pl\/index.php\/wp-json\/wp\/v2\/product\/9721","targetHints":{"allow":["GET"]}}],"collection":[{"href":"https:\/\/butikhome.pl\/index.php\/wp-json\/wp\/v2\/product"}],"about":[{"href":"https:\/\/butikhome.pl\/index.php\/wp-json\/wp\/v2\/types\/product"}],"replies":[{"embeddable":true,"href":"https:\/\/butikhome.pl\/index.php\/wp-json\/wp\/v2\/comments?post=9721"}],"wp:featuredmedia":[{"embeddable":true,"href":"https:\/\/butikhome.pl\/index.php\/wp-json\/wp\/v2\/media\/15709"}],"wp:attachment":[{"href":"https:\/\/butikhome.pl\/index.php\/wp-json\/wp\/v2\/media?parent=9721"}],"wp:term":[{"taxonomy":"product_brand","embeddable":true,"href":"https:\/\/butikhome.pl\/index.php\/wp-json\/wp\/v2\/product_brand?post=9721"},{"taxonomy":"product_cat","embeddable":true,"href":"https:\/\/butikhome.pl\/index.php\/wp-json\/wp\/v2\/product_cat?post=9721"},{"taxonomy":"product_tag","embeddable":true,"href":"https:\/\/butikhome.pl\/index.php\/wp-json\/wp\/v2\/product_tag?post=9721"}],"curies":[{"name":"wp","href":"https:\/\/api.w.org\/{rel}","templated":true}]}}