{"id":9866,"date":"2023-03-29T16:03:22","date_gmt":"2023-03-29T14:03:22","guid":{"rendered":"https:\/\/butikhome.pl\/index.php\/produkt\/biustonosz-adele-k324-bialy\/"},"modified":"2023-06-28T13:54:49","modified_gmt":"2023-06-28T11:54:49","slug":"biustonosz-adele-k324-bialy","status":"publish","type":"product","link":"https:\/\/butikhome.pl\/index.php\/produkt\/biustonosz-adele-k324-bialy\/","title":{"rendered":"Biustonosz Adele K324 Bia\u0142y"},"content":{"rendered":"<p>Elegancki i zdecydowanie bardzo wygodny biustonosz z fiszbinami, stworzony na wi\u0119ksze biusty. Konstrukcja przewidziana tak, aby jak najlepiej zebra\u0107 i wymodelowa\u0107 biust, unie\u015b\u0107 go i utrzyma\u0107 na w\u0142a\u015bciwym miejscu, co sprawia, \u017ce model ten staje si\u0119 w\u0142a\u015bciwie podstawowym i niezb\u0119dnym elementem kobiecej garderoby. G\u0142adk\u0105 podstaw\u0119 biustonosza uzupe\u0142nia pi\u0119kny, wykwintny, dekoracyjny haft przy dekolcie. Obw\u00f3d, kt\u00f3ry dobrze trzyma si\u0119 cia\u0142a. Rami\u0105czka o regulowanej d\u0142ugo\u015bci. Sk\u0142ad: 90% poliamid, 7% elastan, 3% poliester.<\/p>\n","protected":false},"excerpt":{"rendered":"<p>Elegancki i zdecydowanie bardzo wygodny biustonosz z fiszbinami, stworzony na wi\u0119ksze biusty. Konstrukcja przewidziana tak, aby jak najlepiej zebra\u0107 i wymodelowa\u0107 biust, unie\u015b\u0107 go i utrzyma\u0107 na w\u0142a\u015bciwym miejscu, co sprawia, \u017ce model ten staje si\u0119 w\u0142a\u015bciwie podstawowym i niezb\u0119dnym elementem kobiecej garderoby. G\u0142adk\u0105 podstaw\u0119 biustonosza uzupe\u0142nia pi\u0119kny, wykwintny, dekoracyjny haft przy dekolcie. Obw\u00f3d, kt\u00f3ry &hellip; <\/p>\n","protected":false},"featured_media":15700,"comment_status":"open","ping_status":"closed","template":"","meta":[],"product_brand":[],"product_cat":[629,24],"product_tag":[1789,1604,1605,1606,1599,1943,672,1977,2171,1904,1734,2173,1984,2076,1297,2174,1078,664,1805,1825,2172],"class_list":{"0":"post-9866","1":"product","2":"type-product","3":"status-publish","4":"has-post-thumbnail","6":"product_cat-biustonosze-podkategoria-do-bielizny","7":"product_cat-produkty","8":"product_tag-65-f","9":"product_tag-70-d","10":"product_tag-70-e","11":"product_tag-70-f","12":"product_tag-75-c","13":"product_tag-bardzo-wygodny","14":"product_tag-bialy","15":"product_tag-bialy-65-e","16":"product_tag-biustonosz-adele-k324-bialy","17":"product_tag-elastyczny-obwod-ktory-dobrze-trzyma","18":"product_tag-elegancki","19":"product_tag-gladka-podstawa-biustonosza","20":"product_tag-gorsenia","21":"product_tag-idealny-na-wiekszy-biust","22":"product_tag-pakowane-w-pudelko","23":"product_tag-piekny-dekoracyjny-haft-przy-dekolcie","24":"product_tag-polski-produkt","25":"product_tag-ramiaczka-regulowane","26":"product_tag-unosi-biust-i-utrzymuje-go-na-swoim-miejscu","27":"product_tag-z-fiszbinami","28":"product_tag-zbiera-i-modeluje-biust","30":"first","31":"instock","32":"taxable","33":"shipping-taxable","34":"purchasable","35":"product-type-simple"},"_links":{"self":[{"href":"https:\/\/butikhome.pl\/index.php\/wp-json\/wp\/v2\/product\/9866","targetHints":{"allow":["GET"]}}],"collection":[{"href":"https:\/\/butikhome.pl\/index.php\/wp-json\/wp\/v2\/product"}],"about":[{"href":"https:\/\/butikhome.pl\/index.php\/wp-json\/wp\/v2\/types\/product"}],"replies":[{"embeddable":true,"href":"https:\/\/butikhome.pl\/index.php\/wp-json\/wp\/v2\/comments?post=9866"}],"wp:featuredmedia":[{"embeddable":true,"href":"https:\/\/butikhome.pl\/index.php\/wp-json\/wp\/v2\/media\/15700"}],"wp:attachment":[{"href":"https:\/\/butikhome.pl\/index.php\/wp-json\/wp\/v2\/media?parent=9866"}],"wp:term":[{"taxonomy":"product_brand","embeddable":true,"href":"https:\/\/butikhome.pl\/index.php\/wp-json\/wp\/v2\/product_brand?post=9866"},{"taxonomy":"product_cat","embeddable":true,"href":"https:\/\/butikhome.pl\/index.php\/wp-json\/wp\/v2\/product_cat?post=9866"},{"taxonomy":"product_tag","embeddable":true,"href":"https:\/\/butikhome.pl\/index.php\/wp-json\/wp\/v2\/product_tag?post=9866"}],"curies":[{"name":"wp","href":"https:\/\/api.w.org\/{rel}","templated":true}]}}