{"id":9871,"date":"2023-03-29T16:03:24","date_gmt":"2023-03-29T14:03:24","guid":{"rendered":"https:\/\/butikhome.pl\/index.php\/produkt\/biustonosz-alicante-k647-czarny\/"},"modified":"2023-06-28T13:28:38","modified_gmt":"2023-06-28T11:28:38","slug":"biustonosz-alicante-k647-czarny","status":"publish","type":"product","link":"https:\/\/butikhome.pl\/index.php\/produkt\/biustonosz-alicante-k647-czarny\/","title":{"rendered":"Biustonosz Alicante K647 Czarny"},"content":{"rendered":"<p>Stylowy, czarny biustonosz z nowej kolekcji marki Gorsenia w konstrukcji semi-soft. Miseczki g\u0142adkie u podstawy w g\u00f3rnej cz\u0119\u015bci kusz\u0105 pi\u0119knym, subtelnym, koronkowym wyko\u0144czeniem. Delikatne, satynowe lam\u00f3wki w elegancki spos\u00f3b wyka\u0144czaj\u0105 projekt. Rami\u0105czka szersze, nieodpinane, regulowane. Obw\u00f3d, kt\u00f3ry dobrze trzyma. Sprawdzona, bardzo kobieca konstrukcja idealna na wi\u0119ksze piersi. Biustonosz doskonale sprawdzi si\u0119 pod jesiennymi sweterkami. Sk\u0142ad: 71% poliamid, 21% bawe\u0142na, 8% elastan.<\/p>\n","protected":false},"excerpt":{"rendered":"<p>Stylowy, czarny biustonosz z nowej kolekcji marki Gorsenia w konstrukcji semi-soft. Miseczki g\u0142adkie u podstawy w g\u00f3rnej cz\u0119\u015bci kusz\u0105 pi\u0119knym, subtelnym, koronkowym wyko\u0144czeniem. Delikatne, satynowe lam\u00f3wki w elegancki spos\u00f3b wyka\u0144czaj\u0105 projekt. Rami\u0105czka szersze, nieodpinane, regulowane. Obw\u00f3d, kt\u00f3ry dobrze trzyma. Sprawdzona, bardzo kobieca konstrukcja idealna na wi\u0119ksze piersi. Biustonosz doskonale sprawdzi si\u0119 pod jesiennymi sweterkami. Sk\u0142ad: &hellip; <\/p>\n","protected":false},"featured_media":15697,"comment_status":"open","ping_status":"closed","template":"","meta":[],"product_brand":[],"product_cat":[629,24],"product_tag":[1706,1707,1641,1709,1644,1645,1711,1712,1717,1718,1791,1922,1923,1967,1605,1606,1610,1611,1792,1793,1624,1599,1482,1483,1484,1486,1487,1625,1626,1489,1490,1492,1493,1627,1628,1629,1495,1496,1497,1499,1631,1632,1501,1502,1503,1504,1505,1633,1634,1635,1693,1506,1509,1637,1638,2169,1089,2170,1904,1984,2167,2168,2163,1938,1480,664,2166,2165,1733,2164],"class_list":{"0":"post-9871","1":"product","2":"type-product","3":"status-publish","4":"has-post-thumbnail","6":"product_cat-biustonosze-podkategoria-do-bielizny","7":"product_cat-produkty","8":"product_tag-100-b","9":"product_tag-100-c","10":"product_tag-100-f","11":"product_tag-105-b","12":"product_tag-105-c","13":"product_tag-105-d","14":"product_tag-110-b","15":"product_tag-110-c","16":"product_tag-115-b","17":"product_tag-115-c","18":"product_tag-65-h","19":"product_tag-65-i","20":"product_tag-65-j","21":"product_tag-65-k","22":"product_tag-70-e","23":"product_tag-70-f","24":"product_tag-70-g","25":"product_tag-70-h","26":"product_tag-70-i","27":"product_tag-70-j","28":"product_tag-70-k","29":"product_tag-75-c","30":"product_tag-75-d","31":"product_tag-75-e","32":"product_tag-75-f","33":"product_tag-75-h","34":"product_tag-75-i","35":"product_tag-75-j","36":"product_tag-75-k","37":"product_tag-80-c","38":"product_tag-80-d","39":"product_tag-80-f","40":"product_tag-80-g","41":"product_tag-80-i","42":"product_tag-80-j","43":"product_tag-80-k","44":"product_tag-85-b","45":"product_tag-85-c","46":"product_tag-85-d","47":"product_tag-85-f","48":"product_tag-85-i","49":"product_tag-85-j","50":"product_tag-90-b","51":"product_tag-90-c","52":"product_tag-90-d","53":"product_tag-90-e","54":"product_tag-90-f","55":"product_tag-90-g","56":"product_tag-90-h","57":"product_tag-90-i","58":"product_tag-90-j","59":"product_tag-95-b","60":"product_tag-95-e","61":"product_tag-95-f","62":"product_tag-95-h","63":"product_tag-biustonosz-alicante-k647-czarny","64":"product_tag-czarny","65":"product_tag-czarny-65-g","66":"product_tag-elastyczny-obwod-ktory-dobrze-trzyma","67":"product_tag-gorsenia","68":"product_tag-idealne-na-wieksze-piersi","69":"product_tag-idealny-pod-jesiennymi-sweterkami","70":"product_tag-miseczki-gladkie","71":"product_tag-model-w-konstrukcji-semi-soft","72":"product_tag-nieodpinane-ramiaczka","73":"product_tag-ramiaczka-regulowane","74":"product_tag-ramiaczka-szersze","75":"product_tag-satynowe-lamowki","76":"product_tag-stylowy","77":"product_tag-subtelne-koronkowe-wykonczenie","79":"first","80":"instock","81":"taxable","82":"shipping-taxable","83":"purchasable","84":"product-type-simple"},"_links":{"self":[{"href":"https:\/\/butikhome.pl\/index.php\/wp-json\/wp\/v2\/product\/9871","targetHints":{"allow":["GET"]}}],"collection":[{"href":"https:\/\/butikhome.pl\/index.php\/wp-json\/wp\/v2\/product"}],"about":[{"href":"https:\/\/butikhome.pl\/index.php\/wp-json\/wp\/v2\/types\/product"}],"replies":[{"embeddable":true,"href":"https:\/\/butikhome.pl\/index.php\/wp-json\/wp\/v2\/comments?post=9871"}],"wp:featuredmedia":[{"embeddable":true,"href":"https:\/\/butikhome.pl\/index.php\/wp-json\/wp\/v2\/media\/15697"}],"wp:attachment":[{"href":"https:\/\/butikhome.pl\/index.php\/wp-json\/wp\/v2\/media?parent=9871"}],"wp:term":[{"taxonomy":"product_brand","embeddable":true,"href":"https:\/\/butikhome.pl\/index.php\/wp-json\/wp\/v2\/product_brand?post=9871"},{"taxonomy":"product_cat","embeddable":true,"href":"https:\/\/butikhome.pl\/index.php\/wp-json\/wp\/v2\/product_cat?post=9871"},{"taxonomy":"product_tag","embeddable":true,"href":"https:\/\/butikhome.pl\/index.php\/wp-json\/wp\/v2\/product_tag?post=9871"}],"curies":[{"name":"wp","href":"https:\/\/api.w.org\/{rel}","templated":true}]}}